{"id":217,"date":"2024-10-24T17:36:47","date_gmt":"2024-10-24T15:36:47","guid":{"rendered":"http:\/\/musee-ecole-bothoa.com\/?page_id=217"},"modified":"2026-03-25T14:09:56","modified_gmt":"2026-03-25T13:09:56","slug":"les-animations","status":"publish","type":"page","link":"https:\/\/musee-ecole-bothoa.com\/index.php\/les-animations\/","title":{"rendered":"Les animations"},"content":{"rendered":"<div class=\"wp-block-group alignwide alignfull is-content-justification-center\" style=\"margin-top:0;margin-bottom:0;padding-top:calc( 0.5 * var(--wp--style--root--padding-right, var(--wp--custom--gap--horizontal)));padding-right:var(--wp--style--root--padding-right, var(--wp--custom--gap--horizontal));padding-bottom:calc( 0.5 * var(--wp--style--root--padding-right, var(--wp--custom--gap--horizontal)));padding-left:var(--wp--style--root--padding-left, var(--wp--custom--gap--horizontal))\"><div class=\"wp-block-group__inner-container is-layout-constrained wp-container-core-group-is-layout-b073b61b wp-block-group-is-layout-constrained\"><div style=\"height:0px\" aria-hidden=\"true\" class=\"wp-block-spacer\"><\/div>\n\n<div class=\"wp-block-columns alignwide is-layout-flex wp-container-core-columns-is-layout-41e3e26a wp-block-columns-is-layout-flex\"><div class=\"wp-block-column is-layout-flow wp-block-column-is-layout-flow\" style=\"padding-right:var(--wp--preset--spacing--40);padding-left:var(--wp--preset--spacing--40)\"><figure class=\"wp-block-image size-large\" style=\"margin-right:var(--wp--preset--spacing--40);margin-left:var(--wp--preset--spacing--40)\"><img loading=\"lazy\" decoding=\"async\" width=\"1024\" height=\"768\" src=\"http:\/\/musee-ecole-bothoa.com\/wp-content\/uploads\/2024\/10\/DSCN3422-1024x768.jpg\" alt=\"\" class=\"wp-image-221\" style=\"aspect-ratio:4\/3;object-fit:cover\" srcset=\"https:\/\/musee-ecole-bothoa.com\/wp-content\/uploads\/2024\/10\/DSCN3422-1024x768.jpg 1024w, https:\/\/musee-ecole-bothoa.com\/wp-content\/uploads\/2024\/10\/DSCN3422-scaled-600x450.jpg 600w, https:\/\/musee-ecole-bothoa.com\/wp-content\/uploads\/2024\/10\/DSCN3422-300x225.jpg 300w, https:\/\/musee-ecole-bothoa.com\/wp-content\/uploads\/2024\/10\/DSCN3422-768x576.jpg 768w, https:\/\/musee-ecole-bothoa.com\/wp-content\/uploads\/2024\/10\/DSCN3422-1536x1152.jpg 1536w, https:\/\/musee-ecole-bothoa.com\/wp-content\/uploads\/2024\/10\/DSCN3422-2048x1536.jpg 2048w\" sizes=\"auto, (max-width: 1024px) 100vw, 1024px\" \/><\/figure>\n\n<div style=\"height:4px\" aria-hidden=\"true\" class=\"wp-block-spacer\"><\/div>\n\n<div class=\"wp-block-group\"><div class=\"wp-block-group__inner-container is-layout-flow wp-block-group-is-layout-flow\"><h3 class=\"wp-block-heading is-service-name has-medium-font-size\" style=\"font-style:normal;font-weight:700\"><strong>La dict\u00e9e du certif \u00e0 la plume<\/strong><\/h3><\/div><\/div>\n\n<p class=\"is-service-description\">Plongez votre porte-plume dans l\u2019encrier, tout le monde est pr\u00eat, c\u2019est la dict\u00e9e !<\/p>\n\n<p><em>Horaire : les mardis&nbsp;et vendredis<\/em><br><em>15h<\/em><\/p>\n\n<p><em>Dur\u00e9e : 45min.<\/em><\/p>\n\n<p><em>Tarif : compris dans le prix d&#8217;entr\u00e9e.&nbsp;<\/em><\/p>\n\n<p class=\"is-service-description\"><em>Sans r\u00e9servation.<\/em><\/p><\/div>\n\n<div class=\"wp-block-column is-layout-flow wp-block-column-is-layout-flow\"><figure class=\"wp-block-image size-large\" style=\"margin-right:var(--wp--preset--spacing--40);margin-left:var(--wp--preset--spacing--40)\"><img loading=\"lazy\" decoding=\"async\" width=\"1024\" height=\"576\" src=\"http:\/\/musee-ecole-bothoa.com\/wp-content\/uploads\/2024\/10\/ep2024-09-22_05-1024x576.jpg\" alt=\"\" class=\"wp-image-58\" style=\"aspect-ratio:4\/3;object-fit:cover\" srcset=\"https:\/\/musee-ecole-bothoa.com\/wp-content\/uploads\/2024\/10\/ep2024-09-22_05-1024x576.jpg 1024w, https:\/\/musee-ecole-bothoa.com\/wp-content\/uploads\/2024\/10\/ep2024-09-22_05-600x338.jpg 600w, https:\/\/musee-ecole-bothoa.com\/wp-content\/uploads\/2024\/10\/ep2024-09-22_05-300x169.jpg 300w, https:\/\/musee-ecole-bothoa.com\/wp-content\/uploads\/2024\/10\/ep2024-09-22_05-768x432.jpg 768w, https:\/\/musee-ecole-bothoa.com\/wp-content\/uploads\/2024\/10\/ep2024-09-22_05.jpg 1400w\" sizes=\"auto, (max-width: 1024px) 100vw, 1024px\" \/><\/figure>\n\n<div style=\"height:4px\" aria-hidden=\"true\" class=\"wp-block-spacer\"><\/div>\n\n<div class=\"wp-block-group\"><div class=\"wp-block-group__inner-container is-layout-flow wp-block-group-is-layout-flow\"><h3 class=\"wp-block-heading is-service-name has-medium-font-size\" style=\"font-style:normal;font-weight:700\"><strong>La journ\u00e9e de l\u2019\u00e9colier<\/strong><\/h3><\/div><\/div>\n\n<p class=\"is-service-description\">Seul ou en famille, venez revivre une journ\u00e9e d\u2019\u00e9cole comme en 1930 : le chemin creux, la classe : morale, \u00e9criture et dict\u00e9e, la visite de la maison de la ma\u00eetresse, l&#8217;exposition temporaire\u2026<\/p>\n\n<p>Rendez-vous devant la salle des f\u00eates de Bothoa \u00e0 9h45 (fin de la journ\u00e9e de l&#8217;\u00e9colier vers 15h30)<\/p>\n\n<p><em>Tarifs : 12 \u20ac par adulte; 9 \u20ac par enfant.<\/em><br><em>D\u00e8s 6 ans.<\/em><br><em>Sur r\u00e9servation, nombre de places limit\u00e9.<\/em><br><em>Ouverture des inscriptions jusqu&#8217;au mardi pr\u00e9c\u00e9dant l&#8217;animation.<\/em><\/p>\n\n<p>23 avril \/ 23 juillet \/ 20 ao\u00fbt 2026<\/p><\/div><\/div>\n\n<div style=\"height:calc( 0.25 * var(--wp--style--root--padding-right, var(--wp--custom--gap--horizontal)))\" aria-hidden=\"true\" class=\"wp-block-spacer\"><\/div><\/div><\/div><div class=\"wp-block-group alignwide alignfull is-content-justification-center\" style=\"margin-top:0;margin-bottom:0;padding-top:calc( 0.5 * var(--wp--style--root--padding-right, var(--wp--custom--gap--horizontal)));padding-right:var(--wp--style--root--padding-right, var(--wp--custom--gap--horizontal));padding-bottom:calc( 0.5 * var(--wp--style--root--padding-right, var(--wp--custom--gap--horizontal)));padding-left:var(--wp--style--root--padding-left, var(--wp--custom--gap--horizontal))\"><div class=\"wp-block-group__inner-container is-layout-constrained wp-container-core-group-is-layout-b073b61b wp-block-group-is-layout-constrained\"><div style=\"height:calc( 0.25 * var(--wp--style--root--padding-right, var(--wp--custom--gap--horizontal)))\" aria-hidden=\"true\" class=\"wp-block-spacer\"><\/div>\n\n<div class=\"wp-block-group alignwide\"><div class=\"wp-block-group__inner-container is-layout-constrained wp-block-group-is-layout-constrained\"><h2 class=\"wp-block-heading alignfull has-text-align-center\" style=\"font-style:normal;font-weight:100\">En famille<\/h2><\/div><\/div>\n\n<div style=\"height:0px\" aria-hidden=\"true\" class=\"wp-block-spacer\"><\/div>\n\n<div class=\"wp-block-columns alignwide is-layout-flex wp-container-core-columns-is-layout-41e3e26a wp-block-columns-is-layout-flex\"><div class=\"wp-block-column is-layout-flow wp-block-column-is-layout-flow\" style=\"padding-right:var(--wp--preset--spacing--40);padding-left:var(--wp--preset--spacing--40)\"><figure class=\"wp-block-image size-large\" style=\"margin-right:var(--wp--preset--spacing--30);margin-left:var(--wp--preset--spacing--30)\"><img loading=\"lazy\" decoding=\"async\" width=\"1024\" height=\"683\" src=\"https:\/\/musee-ecole-bothoa.com\/wp-content\/uploads\/2024\/10\/DSC_0344-1024x683.jpg\" alt=\"\" class=\"wp-image-248\" style=\"aspect-ratio:4\/3;object-fit:cover\" srcset=\"https:\/\/musee-ecole-bothoa.com\/wp-content\/uploads\/2024\/10\/DSC_0344-1024x683.jpg 1024w, https:\/\/musee-ecole-bothoa.com\/wp-content\/uploads\/2024\/10\/DSC_0344-scaled-600x400.jpg 600w, https:\/\/musee-ecole-bothoa.com\/wp-content\/uploads\/2024\/10\/DSC_0344-300x200.jpg 300w, https:\/\/musee-ecole-bothoa.com\/wp-content\/uploads\/2024\/10\/DSC_0344-768x512.jpg 768w, https:\/\/musee-ecole-bothoa.com\/wp-content\/uploads\/2024\/10\/DSC_0344-1536x1024.jpg 1536w, https:\/\/musee-ecole-bothoa.com\/wp-content\/uploads\/2024\/10\/DSC_0344-2048x1365.jpg 2048w\" sizes=\"auto, (max-width: 1024px) 100vw, 1024px\" \/><\/figure>\n\n<div style=\"height:4px\" aria-hidden=\"true\" class=\"wp-block-spacer\"><\/div>\n\n<div class=\"wp-block-group\"><div class=\"wp-block-group__inner-container is-layout-flow wp-block-group-is-layout-flow\"><h3 class=\"wp-block-heading is-service-name has-medium-font-size\" style=\"font-style:normal;font-weight:700\">Linogravure<\/h3><\/div><\/div>\n\n<p class=\"is-service-description\">Gravez votre plus beau dessin sur du linol\u00e9um, encrez-le de rouge, de noir ou de bleu pour ensuite l\u2019imprimer sur papier.<\/p>\n\n<p>15 avril 2026<br>\u00e0 15h<\/p><\/div>\n\n<div class=\"wp-block-column is-layout-flow wp-block-column-is-layout-flow\"><figure class=\"wp-block-image size-large\"><img loading=\"lazy\" decoding=\"async\" width=\"578\" height=\"1024\" src=\"http:\/\/musee-ecole-bothoa.com\/wp-content\/uploads\/2024\/10\/IMG202404241537571-copie-578x1024.jpg\" alt=\"\" class=\"wp-image-251\" style=\"aspect-ratio:4\/3;object-fit:cover\" srcset=\"https:\/\/musee-ecole-bothoa.com\/wp-content\/uploads\/2024\/10\/IMG202404241537571-copie-578x1024.jpg 578w, https:\/\/musee-ecole-bothoa.com\/wp-content\/uploads\/2024\/10\/IMG202404241537571-copie-scaled-600x1062.jpg 600w, https:\/\/musee-ecole-bothoa.com\/wp-content\/uploads\/2024\/10\/IMG202404241537571-copie-169x300.jpg 169w, https:\/\/musee-ecole-bothoa.com\/wp-content\/uploads\/2024\/10\/IMG202404241537571-copie-768x1360.jpg 768w, https:\/\/musee-ecole-bothoa.com\/wp-content\/uploads\/2024\/10\/IMG202404241537571-copie-867x1536.jpg 867w, https:\/\/musee-ecole-bothoa.com\/wp-content\/uploads\/2024\/10\/IMG202404241537571-copie-1157x2048.jpg 1157w, https:\/\/musee-ecole-bothoa.com\/wp-content\/uploads\/2024\/10\/IMG202404241537571-copie-scaled.jpg 1446w\" sizes=\"auto, (max-width: 578px) 100vw, 578px\" \/><\/figure>\n\n<div style=\"height:4px\" aria-hidden=\"true\" class=\"wp-block-spacer\"><\/div>\n\n<div class=\"wp-block-group\"><div class=\"wp-block-group__inner-container is-layout-flow wp-block-group-is-layout-flow\"><h3 class=\"wp-block-heading is-service-name has-medium-font-size\" style=\"font-style:normal;font-weight:700\">Atelier herbier<\/h3><\/div><\/div>\n\n<p class=\"is-service-description\">Apr\u00e8s avoir identifi\u00e9 feuilles et fleurs de saison, appris \u00e0 les conna\u00eetre, vous pourrez constituer votre herbier, sans oublier d\u2019\u00e9crire \u00e0 la plume le nom de chaque plante.<\/p>\n\n<p>22 avril 2026<br>\u00e0 15h<\/p><\/div><\/div>\n\n<div style=\"height:calc( 0.25 * var(--wp--style--root--padding-right, var(--wp--custom--gap--horizontal)))\" aria-hidden=\"true\" class=\"wp-block-spacer\"><\/div><\/div><\/div><blockquote class=\"wp-block-quote is-layout-flow wp-block-quote-is-layout-flow\"><p>Tarif : 7 \u20ac \/ adulte 5 \u20ac \/ enfant (visite du mus\u00e9e comprise)<\/p><\/blockquote><p><\/p>","protected":false},"excerpt":{"rendered":"<p>La dict\u00e9e du certif \u00e0 la plume Plongez votre porte-plume dans l\u2019encrier, tout le monde est pr\u00eat, c\u2019est la dict\u00e9e ! Horaire : les mardis&nbsp;et vendredis15h Dur\u00e9e : 45min. Tarif&#8230;<\/p>\n","protected":false},"author":1,"featured_media":0,"parent":0,"menu_order":0,"comment_status":"closed","ping_status":"closed","template":"","meta":{"_kadence_starter_templates_imported_post":false,"_kad_post_transparent":"","_kad_post_title":"","_kad_post_layout":"","_kad_post_sidebar_id":"","_kad_post_content_style":"","_kad_post_vertical_padding":"","_kad_post_feature":"","_kad_post_feature_position":"","_kad_post_header":false,"_kad_post_footer":false,"footnotes":""},"class_list":["post-217","page","type-page","status-publish","hentry"],"_links":{"self":[{"href":"https:\/\/musee-ecole-bothoa.com\/index.php\/wp-json\/wp\/v2\/pages\/217","targetHints":{"allow":["GET"]}}],"collection":[{"href":"https:\/\/musee-ecole-bothoa.com\/index.php\/wp-json\/wp\/v2\/pages"}],"about":[{"href":"https:\/\/musee-ecole-bothoa.com\/index.php\/wp-json\/wp\/v2\/types\/page"}],"author":[{"embeddable":true,"href":"https:\/\/musee-ecole-bothoa.com\/index.php\/wp-json\/wp\/v2\/users\/1"}],"replies":[{"embeddable":true,"href":"https:\/\/musee-ecole-bothoa.com\/index.php\/wp-json\/wp\/v2\/comments?post=217"}],"version-history":[{"count":28,"href":"https:\/\/musee-ecole-bothoa.com\/index.php\/wp-json\/wp\/v2\/pages\/217\/revisions"}],"predecessor-version":[{"id":624,"href":"https:\/\/musee-ecole-bothoa.com\/index.php\/wp-json\/wp\/v2\/pages\/217\/revisions\/624"}],"wp:attachment":[{"href":"https:\/\/musee-ecole-bothoa.com\/index.php\/wp-json\/wp\/v2\/media?parent=217"}],"curies":[{"name":"wp","href":"https:\/\/api.w.org\/{rel}","templated":true}]}}